ppose -8 = 4*t, 4*t - 6*t + 56 = 4*q. Let r = q + -10. Suppose 8*a = r*a + 12. What is the units digit of a?
4
Let v = -7 + 12. Suppose 8 = v*a - 4*a. What is the units digit of a?
8
Let b = -33 - -51. Let m = b + -6. Suppose -2*x + m = -14. What is the tens digit of x?
1
Suppose -31*c + 698 = -29*c. What is the hundreds digit of c?
3
Suppose -7*n + 2*n = 80. Let p = 29 + n. What is the tens digit of p?
1
Let t be 0 - (-1 + -1 + 0). Let k = -3 + t. Let r = k - -5. What is the units digit of r?
4
Let o be (-1)/(-5) + (-4)/20. Let y = o + 15. What is the tens digit of y?
1
Let g = 19 + -31. Let z be 32/g*(-3)/2. Suppose 15 = z*c + t, 0 = 2*c - t + 4*t + 5. What is the units digit of c?
5
Suppose 0*q - 318 = -3*q. What is the hundreds digit of q?
1
Let l(u) = -u + 12. Let r be l(10). Suppose r*g + 4*k - 15 = 3*k, g + 3*k + 5 = 0. What is the units digit of g?
0
Let r(h) = h - 4. Let y be r(8). Suppose y*f + f = 125. Suppose 3*k + 2*k = f. What is the units digit of k?
5
What is the units digit of ((-9)/(-3) + -49)/(-1 + 0)?
6
Let f be 2*(-2)/4*-2. Let q(x) = -3 - x**f + 3 - 12*x**3. What is the tens digit of q(-1)?
1
Let i = -6 - -8. Let v(n) = -n**3 + 3*n**2 - 2*n + 3. Let m be v(i). What is the units digit of 52/6 + m/9?
9
Let w(q) be the first derivative of -q**2/2 - q + 2. Let h be w(-6). Suppose -2*g - 18 = -h*g. What is the units digit of g?
6
Suppose 13 + 7 = 4*g. Let o = 17 - -3. Suppose -g*k = -5 - o. What is the units digit of k?
5
Let b(k) = -1 + 3*k - k**2 + 0 + 0*k**2. Let t(d) = 2*d - 17. Let i be t(9). What is the units digit of b(i)?
1
Suppose t - 6 = 2*a, 0*t + 2*t - 5*a - 14 = 0. Suppose 15 = 4*w - 3*v - 12, 4*v = -t*w + 30. Suppose -w - 6 = 5*r, 12 = 5*p + r. What is the units digit of p?
3
Let b(j) = -j + 5. Let r be b(-5). What is the units digit of 2/5 - (-36)/r?
4
Let o(g) = -g**3 + 6*g**2 - 5*g + 4. Let w be o(5). Suppose w*p - 21 - 31 = 0. What is the tens digit of p?
1
Let h be (5*-2)/(-2 + 0). Suppose 5*b = -5*x + h, x - b + 4*b + 1 = 0. Suppose -g - 7 = 5*a, x*g - a + 29 = 6*g. What is the units digit of g?
8
What is the units digit of (52/12 - 1)*15?
0
Suppose -5*z = 2*x + 130, 5*x + 57 + 40 = -3*z. What is the tens digit of (344/z)/((-2)/6)?
4
Let y = -13 + 22. Let k = y - 1. What is the units digit of k?
8
Let o(z) = 13*z - 18. Let i(g) = 9*g - 12. Let t(d) = 7*i(d) - 5*o(d). What is the tens digit of t(-7)?
2
What is the units digit of (-598)/(-4) - (9/(-6))/(-3)?
9
Suppose d - 3*w + 17 = 0, -5*d = -d - 4*w + 28. What is the units digit of 1 - ((-12)/(-3))/d?
3
Suppose -2*q - 2*y + 25 = -y, -5*q + 60 = 2*y. What is the units digit of q?
0
Let s = -7 - -3. What is the units digit of 2200/104 + s/26?
1
Suppose 4*z - 170 = -z. Let i = z + -18. What is the tens digit of i?
1
Let y = -48 + 274. What is the hundreds digit of y?
2
What is the units digit of (10/4)/(1/2)?
5
Let q(y) = 4*y**2 - 6*y + 6. What is the tens digit of q(4)?
4
Suppose 3*m = -5*v, -6*v + 3*v + 4*m = 0. Suppose 5*u - 3*p + 36 = 151, 4*u - 2*p - 90 = v. What is the tens digit of u?
2
Suppose 2*l = -l. Suppose 4*h + 4*y - 16 = l, -4*h - 3*y - 3 = -22. Let j(c) = -c**3 + 8*c**2 - 6*c - 2. What is the units digit of j(h)?
5
Let y be 1/(-3 - 15/(-6)). Let k(g) = -g**3 + 3*g**2 + 3*g. What is the tens digit of k(y)?
1
Suppose 0 = -2*t + 4*j + 4, -3*j = 2*j - 5. Suppose y + 81 = t*y. What is the tens digit of y?
2
Let j(p) = -p**3 + 4*p**2 + 2*p + 2. Let i be j(4). Suppose 3*u - i - 11 = 0. What is the units digit of u?
7
Let u(m) = -7*m + 3. Let s(i) = i**2 + 8*i - 12. Let o be s(-9). What is the tens digit of u(o)?
2
Let p(k) = k**2 + 9*k - 23. What is the tens digit of p(7)?
8
Suppose 4*o + 4 = 4*m - 7*m, 4*m = -2*o - 2. Suppose 0 = 5*i + 4*h - 33, -4*i + 22 = h - m*h. Suppose -i = -2*f + 5. What is the units digit of f?
5
Let h = -12 - -17. Suppose h*c + 5*q = -0*q, 4*q = -12. Suppose 2*f - c = -d, 7*f - 5*d - 11 = 4*f. What is the units digit of f?
2
Let x(y) = y**3 + 7*y**2 + 7*y + 6. Let c = -14 + 8. Let p be x(c). Suppose p = 2*k + 4*z - 40, -2*k + 0*z + 36 = 3*z. What is the units digit of k?
2
Let q(s) = -s - 6. Let o be q(-5). Let d = 1 + o. Let w = d + 1. What is the units digit of w?
1
What is the units digit of 42458/161 + (-4)/(-14)?
4
Let g(u) = -u**2 - 7*u. Suppose 5*s - 2 = -4*h - 1, 0 = 3*h + 5*s - 7. What is the units digit of g(h)?
6
Let v(z) = -z**3 - 6*z**2 - 4*z + 2. Let y be v(-5). Let a = 16 + y. Suppose -4*g + a - 5 = 0. What is the units digit of g?
2
Let b(p) = p**2 - 5*p - 10. Let k be b(7). Suppose k = -m + 14. What is the units digit of m?
0
Let n(u) = -u + 7. Let s be n(5). Let c(o) = 3 + 2 - 2 + s*o. What is the units digit of c(3)?
9
Let j(c) = -3*c**2 + 7*c + 7. Let b(z) = 3*z**2 + 8*z - z**2 + 8 - 5*z**2. Let t(s) = 6*b(s) - 7*j(s). What is the units digit of t(-1)?
3
Suppose -j + 110 = 4*j. What is the units digit of (1 - j/6)*-3?
8
Let n = 150 + -99. What is the tens digit of n?
5
Let x(c) = -11*c. What is the tens digit of x(-3)?
3
Suppose 2*u - 179 = 351. What is the units digit of u?
5
Suppose -5*d - 144 = -8*d. What is the tens digit of d?
4
Let g(w) = -w**3 - 6*w**2 + 4. Suppose -c = 4*c + 30. Let p be g(c). Suppose 5*j = 3*z + 7, -2*j + 4*j = p*z. What is the units digit of z?
1
Suppose 0 = 6*q - 903 - 21. What is the hundreds digit of q?
1
Let k(h) = -h - 3. Let z = 2 - 2. Suppose z*p = -3*p - 18. What is the units digit of k(p)?
3
Suppose -t = -4*t - 3*p - 546, 3*t = 3*p - 534. Let s = -41 + 42. What is the units digit of t/(-27) - s/(-3)?
7
Suppose -2*b - b + 126 = 0. What is the units digit of b?
2
Suppose 15 = 3*j - 8*j. Let l be (j/9)/((-1)/6). Suppose -s = -0*s + l*n + 8, -2*s - 3*n - 11 = 0. What is the units digit of s?
2
Let c(s) = -2*s**3 - 9*s**2 + 8*s - 14. What is the units digit of c(-7)?
5
Let r = -20 + 44. Let q = -11 + r. What is the units digit of q?
3
Let l = -53 - -17. Let w = l + 55. What is the units digit of w?
9
Suppose -32 = -5*z + 18. What is the units digit of z?
0
What is the units digit of ((18/3)/(-3))/(8/(-164))?
1
What is the units digit of (78/(-8))/(6/(-32))?
2
Let k(o) = o**3 + o + 3. Suppose -4*f - 8 = 5*s, f + 4 = 4*s - f. What is the units digit of k(s)?
3
Suppose 5*i = i - 28. What is the units digit of 5 - 6/3 - i?
0
Let l(h) = 5*h**3 - 8*h**2 - 2*h - 6. Let w(k) = 4*k**3 - 7*k**2 - k - 5. Let u(c) = 3*l(c) - 4*w(c). What is the units digit of u(3)?
5
Let u(b) = 2*b - 16. Let v(l) = -l + 4. Let x(o) = -3*o + 16. Let m(y) = -9*v(y) + 2*x(y). Let g be m(5). What is the units digit of u(g)?
6
Let g(y) = -y**2 + 65. What is the units digit of g(0)?
5
Let z(k) = 2*k**2 - 11*k - 22. What is the units digit of z(9)?
1
What is the units digit of (-17)/(-2) - (-3)/6?
9
Let z(c) = c**3 - 10*c**2 - 12*c + 1. Let a(y) = -y**2 - y. Let u(h) = 4*a(h) - z(h). What is the units digit of u(7)?
6
Let g be ((-2)/1)/(-4)*-158. Let w = -38 - g. Let m = -26 + w. What is the units digit of m?
5
Suppose 5*o - 24 = o. Suppose 66 = 3*l + o. Suppose 4*f - 2*f = l. What is the units digit of f?
0
Let y = 3 + -3. Suppose -4*w - w + 15 = y. Suppose -q - w*q = -8. What is the units digit of q?
2
Let z(n) = -5*n. Let u be z(-1). Suppose -u*g + 22 = -13. Suppose -1 + g = b. What is the units digit of b?
6
Suppose 0 = -0*i + 6*i - 306. What is the units digit of i?
1
Suppose 5*s + 3*q = -2, 0*q + 2*q + 8 = 0. Let v be ((-19)/(-2) - -2)*s. What is the tens digit of (-2 - (3 - v))/1?
1
Let q = -21 + 34. Suppose -3*x - 2*k + 11 = 0, k - 5 - 8 = -3*x. Let f = q - x. What is the units digit of f?
8
Let v = 55 + -10. What is the tens digit of v?
4
Let d = -55 + 111. What is the tens digit of d?
5
Let y(s) = 4*s + 1. Let x be y(2). Suppose 4*w - x - 55 = -4*z, -z + 2*w + 25 = 0. What is the units digit of z?
9
Let n(d) = 0*d - 7*d + d**2 + d + 2. Let j be n(5). Let i(g) = 2*g**2 + 5*g + 4. What is the units digit of i(j)?
7
Suppose 4*j + 4*n = -64, -2*j + 3*n = -4*j - 36. Let o(l) = -2*l + 12. What is the tens digit of o(j)?
3
Let z(x) = -3*x**2 + x**2 + 7*x**2 + 12*x**2. What is the units digit of z(-1)?
7
Suppose 0 = -f - 5*m + 23 + 7, 2*f - 3*m = -5. Suppose -28 = -f*a - 4*h, 4*a = -h + 3*h + 12. What is the units digit of a?
4
Let x = 11 - 8. What is the units digit of x?
3
Let i = 18 + 105. What is the